) to base 8.
-1575471
Convert -132230220 (base 4) to base 11.
-86516
Convert -21123114 (base 5) to base 8.
-531023
-29d849 (base 14) to base 3
-2202002221211
Convert -b8817 (base 12) to base 8.
-732623
Convert 327839 (base 11) to base 14.
d8722
Convert 86fa1 (base 16) to base 7.
4461565
Convert 4064175 (base 9) to base 6.
114245535
What is 4013001 (base 9) in base 4?
20021013301
What is 6aa74 (base 16) in base 4?
1222221310
Convert -112111102022000 (base 3) to base 7.
-122325324
333202031 (base 4) to base 13
915b3
Convert -124023123 (base 5) to base 2.
-10010101001011011110
Convert 20110220221120 (base 3) to base 4.
31020211110
Convert 10041313 (base 5) to base 11.
55805
-4362a (base 13) to base 3
-20012012021
9330265 (base 10) to base 8
43457131
Convert 147716 (base 11) to base 12.
b0b98
What is 8ca5a (base 13) in base 14?
6973b
Convert 233302030 (base 4) to base 3.
100221111001
2313160 (base 8) to base 15
c6291
10202440 (base 5) to base 4
110230021
What is -997a9 (base 11) in base 9?
-240453
141164612 (base 7) to base 14
131a342
4677783 (base 9) to base 3
11202121212210
Convert -10121122221200 (base 3) to base 7.
-22224324
Convert -330529 (base 12) to base 11.
-503180
10010101101110101111111 (base 2) to base 4
102231311333
What is -5402568 (base 9) in base 15?
-3c2d1b
What is -100001111010100010010 (base 2) in base 9?
-2073383
Convert -4512113 (base 6) to base 9.
-375680
Convert 1001000000100111101111 (base 2) to base 13.
64904c
-2430325 (base 7) to base 14
-80d15
222111123 (base 4) to base 8
522533
What is -3a83 (base 12) in base 3?
-100020000
What is -153a03 (base 13) in base 11?
-327523
Convert 3077892 (base 11) to base 15.
723271
Convert -952315 (base 11) to base 10.
-1525705
What is -1143544 (base 7) in base 8?
-433726
What is a2a6b (base 14) in base 15?
7b0d8
Convert -7036 (base 10) to base 3.
-100122121
What is -64177 (base 10) in base 9?
-107027
Convert -102003303010 (base 4) to base 8.
-22036304
Convert 96a42 (base 13) to base 8.
1023147
-22121020211 (base 3) to base 2
-101001010101100000
What is 138365 (base 10) in base 13?
4ac96
What is 1440831 (base 13) in base 7?
105430260
2333032133 (base 4) to base 15
107128
What is -11d426 (base 14) in base 5?
-124101410
What is 101000110001001011111010 (base 2) in base 16?
a312fa
What is 107bc (base 13) in base 9?
45011
Convert -218707 (base 12) to base 9.
-1002417
3270553 (base 8) to base 7
10326344
2675828 (base 9) to base 16
16641e
6893 (base 16) to base 7
141023
What is 22134043 (base 5) in base 6?
4045343
633570 (base 8) to base 9
351151
What is -152915 (base 10) in base 2?
-100101010101010011
Convert -232575 (base 14) to base 13.
-32c07b
What is -2543c2 (base 13) in base 9?
-1613441
38732 (base 10) to base 11
27111
What is -22110010 (base 4) in base 7?
-234106
Convert -10011001210210 (base 3) to base 15.
-23119c
Convert -10011110011111000001101 (base 2) to base 7.
-62066416
What is -b1902 (base 15) in base 8?
-2112145
-134336 (base 10) to base 13
-491b7
What is -2102637 (base 8) in base 6?
-15545343
-36135312 (base 7) to base 2
-1100001101110101100100
What is 2233a9 (base 14) in base 4?
10123203221
What is -17770634 (base 8) in base 10?
-4190620
2520357 (base 8) to base 4
2222003233
-24985 (base 14) to base 5
-10332224
Convert -12201221102 (base 3) to base 16.
-1b938
What is -3204311401 (base 5) in base 6?
-355520155
What is -5de24a (base 15) in base 7?
-53162416
Convert 253444101 (base 6) to base 2.
10010110101000110000101
What is -78ce6 (base 16) in base 5?
-111313242
287285 (base 10) to base 9
477065
Convert -10035333 (base 6) to base 14.
-75c37
-3473a3 (base 14) to base 6
-102145255
Convert 475736 (base 9) to base 7.
2301615
What is -36fbbe (base 16) in base 12?
-1259366
What is 466730 (base 9) in base 16?
447d2
What is 100033001 (base 4) in base 8?
201701
Convert -a532a4 (base 15) to base 13.
-1821691
Convert 16578 (base 12) to base 3.
1121210002
What is -25a959 (base 11) in base 9?
-684080
Convert -530 (base 15) to base 2.
-10010010010
-111020202111 (base 3) to base 6
-5331234
Convert 67511 (base 9) to base 13.
17578
d9662 (base 14) to base 16
80436
What is -21223132321 (base 4) in base 6?
-130215121
4040204313 (base 5) to base 7
126055653
What is 313247 (base 16) in base 11?
1902382
Convert -2321032022 (base 4) to base 15.
-eebcb
What is 1783740 (base 9) in base 13?
29026b
Convert 49175 (base 16) to base 11.
194a25
Convert 1326552 (base 7) to base 10.
175212
-213320314 (base 5) to base 16
-dfddf
What is -1120510 (base 7) in base 8?
-420366
What is -16366 (base 13) in base 7?
-234265
-242340411 (base 5) to base 2
-100010101100101010101
Convert d93d (base 15) to base 14.
12a6a
Convert -34b50 (base 13) to base 14.
-271b5
120222001120 (base 3) to base 8
1145601
What is -2144093 (base 11) in base 6?
-212433111
What is -3112233213 (base 5) in base 6?
-344253101
What is -10010011111110101 (base 2) in base 5?
-4411030
What is 2421332 (base 5) in base 8?
130241
What is 10032032130 (base 4) in base 5?
240404334
1542592 (base 10) to base 2
101111000100111000000
Convert -3462646 (base 9) to base 6.
-104042023
What is 125b03 (base 13) in base 9?
742261
Convert -11745373 (base 8) to base 6.
-131521243
What is -22405111 (base 7) in base 15?
-2882c4
-38789 (base 12) to base 2
-10010110101011001
Convert -145241232 (base 7) to base 12.
-32b41b0
What is 161522 (base 8) in base 10?
58194
Convert -303430021 (base 5) to base 4.
-10231003300
Convert 10323141 (base 5) to base 10.
89171
Convert -1051310 (base 8) to base 11.
-183969
What is 12162b (base 12) in base 2?
1000111100001000011
What is 12303312 (base 7) in base 8?
4170657
1104c9 (base 14) to base 3
1002022202211
3990649 (base 13) to base 4
1010332012330
-19269a (base 12) to base 6
-13232314
What is 102220010310 (base 4) in base 10?
4882740
What is -567004 (base 10) in base 11?
-357aa9
11031013 (base 5) to base 13
34780
1010110010111000100 (base 2) to base 10
353732
What is -1121302000 (base 4) in base 13?
-cb500
Convert 500736 (base 10) to base 3.
221102212210
-30215 (base 11) to base 7
-242544
-143014 (base 8) to base 13
-1a100
Convert -3056 (base 10) to base 6.
-22052
-25609a (base 14) to base 8
-4714350
24364154 (base 7) to base 15
2d217e
-1384667 (base 9) to base 8
-2725173
Convert -1855795 (base 11) to base 6.
-151152352
Convert -1222021201 (base 3) to base 15.
-b79a
Convert -525631 (base 7) to base 8.
-261364
What is -b1812 (base 14) in base 7?
-3425422
What is 410154432 (base 6) in base 9?
14168862
Convert -2112021101200 (base 3) to base 15.
-1b8290
Convert -330121023 (base 4) to base 16.
-3c64b
-341615 (base 7) to base 5
-3420144
Convert -29a59 (base 13) to base 11.
-54109
What is -134044241 (base 5) in base 14?
-13d947
Convert 1019172 (base 10) to base 3.
1220210001010
733c69 (base 15) to base 5
2400333144
-1cd4ec (base 15) to base 14
-28a760
Convert -227805 (base 10) to base 12.
-ab9b9
What is 5242630 (base 7) in base 12?
266014
What is -2316461 (base 9) in base 12?
-5041a7
2100563 (base 7) to base 3
110211012222
-78364 (base 15) to base 3
-201102012111
Convert 494b83 (base 14) to base 5.
1120312122
-704196 (base 10) to base 6
-23032100
What is 3204121 (base 6) in base 7?
1221034
What is ace9a (base 15) in base 10?
550045
45406 (base 12) to base 13
32c49
313336 (base 8) to base 4
121123132
What is -52345526 (base 7) in base 6?
-234343522
Convert -1001010101011100000 (base 2) to base 12.
-129028
Convert -1100111021212 (base 3) to base 12.
-2a7805
What is -5882676 (base 11) in base 10?
-10266812
409 (base 15) to base 10
909
What is -a3b93 (base 13) in base 4?
-1013310210
Convert -69072 (base 14) to base 4.
-332110330
What is 182976 (base 11) in base 8?
1046635
Convert -14200222 (base 6) to base 12.
-1b3072
Convert 2520226 (base 8) to base 7.
5630345
-14443222 (base 6) to base 12
-203512
What is 222112100 (base 3) in base 12?
b239
What is -1010001111100101011 (base 2) in base 5?
-41220114
Convert -573b49 (base 12) to base 2.
-101010100110110101001
What is 80546 (base 9) in base 2?
1100111011000111
Convert 210253 (base 7) to base 9.
54527
16154b (base 15) to base 8
4045260
What is 9226 (base 12) in base 7?
64161
What is 2875c (base 16) in base 8?
503534
Convert -18936 (base 16) to base 2.
-11000100100110110
Convert 212023111232 (base